termine m(-33).
1
Let f(t) = -11*t**2 + 574*t - 1281. What is f(49)?
434
Let y(n) = -64*n**2 - 5649*n - 1506. Calculate y(-88).
-10
Let x(y) = -3*y**2 + 2114*y + 233315. Calculate x(-97).
30
Let t(s) = 14*s**3 - 262*s**2 - 60*s - 310. Give t(19).
-6
Let t(i) = -21123*i - 1689853. Give t(-80).
-13
Let a(i) = 8333*i - 683306. What is a(82)?
0
Let p(i) = 2*i**3 + 14*i**2 - 74*i + 4. What is p(6)?
496
Let h(r) = 20*r**2 + 205*r - 1033. What is h(-14)?
17
Let j(y) = y**3 + 24*y**2 + 11*y - 154. Give j(-23).
122
Let f(w) = -2*w**3 + 65*w**2 - 267*w + 410. Determine f(28).
-10
Let f(q) = 23*q - 2069. What is f(91)?
24
Let u(h) = 3369*h**3 + h**2 + 76*h + 78. Determine u(-1).
-3366
Let d(p) = -2*p**3 + 209*p**2 - 4549*p - 232. Calculate d(31).
16
Let c(m) = 8*m**2 - 380*m - 1448. Calculate c(50).
-448
Let o(i) = 39*i**2 - 2493*i - 5131. Calculate o(-2).
11
Let l(x) = -x**3 + 13*x**2 + 551*x - 7530. Calculate l(14).
-12
Let y(w) = -w**2 - 7729*w - 307564. What is y(-40)?
-4
Let c(b) = b**2 + 5750*b + 165663. Give c(-29).
-246
Let r(f) = 20*f**2 + 3884*f + 8450. Determine r(-192).
2
Let n(p) = -142424*p + 854540. Calculate n(6).
-4
Let q(n) = 273*n**2 + 3792*n - 71. What is q(-14)?
349
Let t(n) = 8*n**3 + 6081*n**2 + 6838*n + 5325. What is t(-759)?
12
Let x(u) = 56863*u + 739215. Give x(-13).
-4
Let a(g) = 2*g**2 - 1486*g - 153645. Calculate a(-92).
-5
Let h(q) = q**3 + 35*q**2 - 2256*q - 72174. Give h(-30).
6
Let h(m) = -2*m**3 + 253*m**2 + 104*m + 2926. What is h(127)?
5
Let f(k) = 33*k**2 + 863*k + 1708. What is f(-2)?
114
Let l(d) = 2*d**3 + 291*d**2 - 5705*d - 4. Calculate l(-163).
-4
Let y(m) = 4*m**2 - 26458*m - 504164. Calculate y(-19).
-18
Let u(a) = 6*a**2 - 1896877*a - 1896878. Calculate u(-1).
5
Let z(w) = -7526*w + 496755. Give z(66).
39
Let c(w) = 3186*w - 3130. Calculate c(1).
56
Let h(b) = -b**3 + 16*b**2 - 10120*b + 50314. Calculate h(5).
-11
Let c(o) = 2*o**3 - 12*o**2 - 2595*o + 12963. Give c(5).
-62
Let h(t) = 22059*t + 22809004. What is h(-1034)?
-2
Let m(w) = -w**3 + 487*w**2 + 494988*w - 8. Determine m(-501).
-8
Let s(i) = -i**3 + 91*i**2 - 28*i - 5560. Calculate s(90).
20
Let w(j) = 3*j**3 - 8036*j**2 + 64090*j + 49. What is w(8)?
1
Let p(v) = -61873*v + 370920. What is p(6)?
-318
Let w(o) = -o**2 + 491*o - 12500. Calculate w(27).
28
Let x(s) = 58*s + 3731. Give x(-65).
-39
Let c(m) = -m**2 + 313*m + 67088. Determine c(-146).
74
Let i(v) = -145*v**2 - 11168*v - 220. Calculate i(-77).
11
Let o(q) = 10*q**2 - 1337*q + 33569. Calculate o(34).
-329
Let z(x) = -21*x**2 - 9668*x + 38618. Calculate z(4).
-390
Let m(n) = n**3 + 20*n**2 + 170*n + 2883. Give m(-19).
14
Let j(l) = 2*l**3 - 65*l**2 + 28*l + 22. Calculate j(31).
-1993
Let s(l) = -2*l**3 - 22*l**2 + 13*l - 60. Calculate s(-12).
72
Let i(t) = -964*t - 139802. What is i(-145)?
-22
Let a(r) = -631944*r + 3159749. Give a(5).
29
Let c(g) = -140*g**2 - 54574*g + 10134. Calculate c(-390).
-6
Let p(c) = -10*c**3 + 6*c**2 - 29*c + 154. Calculate p(6).
-1964
Let z(v) = v**3 + 20*v**2 - 1583*v - 32788. Calculate z(-21).
14
Let i(f) = 19*f**2 + 120*f + 353. What is i(-3)?
164
Let h(i) = i**3 + 6*i**2 + 20*i - 18. Calculate h(-9).
-441
Let v(d) = d**3 + 17*d**2 + 819*d + 10552. Calculate v(-13).
581
Let o(l) = -6*l**2 + 84*l + 570. What is o(19)?
0
Let k(q) = q**2 - 122*q - 152019. Determine k(-333).
-504
Let l(f) = 1752*f**2 + 49053*f + 4. What is l(-28)?
88
Let p(b) = 2*b**2 - 426*b + 2724. Calculate p(7).
-160
Let d(c) = -1780*c + 195767. Calculate d(110).
-33
Let h(q) = 1433*q - 330983. Determine h(231).
40
Let u(d) = -82296*d - 82112. Determine u(-1).
184
Let l(t) = 179*t - 1770. Give l(11).
199
Let q(z) = -694306*z - 5554498. Calculate q(-8).
-50
Let j(x) = x**2 - 583*x + 71333. Determine j(175).
-67
Let i(h) = -11*h**3 - 6*h**2 - 211*h - 393. Determine i(-2).
93
Let c(b) = b**3 - 31*b**2 + 172*b - 40. Calculate c(27).
1688
Let s(k) = 25*k**3 - 477*k**2 + 313*k - 5222. Determine s(19).
3
Let a(y) = 24*y**2 + 1809*y - 3616. Give a(2).
98
Let m(t) = 2*t**2 + 628*t + 8551. Determine m(-14).
151
Let k(b) = -4*b**3 - 24*b**2 + 5*b - 539. What is k(-8)?
-67
Let v(l) = -l**3 + 25*l**2 + 3*l - 666. Determine v(24).
-18
Let x(c) = -177*c - 2048. Calculate x(-19).
1315
Let y(l) = -3*l**2 + 249*l - 714. Determine y(80).
6
Let a(v) = -2*v**3 + 13*v**2 + 8*v + 125. Calculate a(8).
-3
Let r(t) = 3892*t + 949684. Give r(-244).
36
Let g(x) = 262*x - 15015. Give g(58).
181
Let n(r) = 3*r**2 - 310*r + 7824. Give n(39).
297
Let k(x) = -1502*x + 109649. What is k(73)?
3
Let d(m) = m**3 + 3*m**2 + 36*m - 353. Determine d(8).
639
Let u(s) = -115*s**3 - 10*s**2 + s + 9. Calculate u(1).
-115
Let k(s) = -3*s**3 - 174*s**2 + 3390*s - 11975. Determine k(-74).
13
Let i(n) = -202*n**2 - 5651*n + 114. Calculate i(-28).
-26
Let c(k) = 4*k**3 - 393*k**2 - 690*k - 1243. Determine c(100).
-243
Let u(c) = 3630*c + 72506. Calculate u(-20).
-94
Let r(s) = 20137*s + 946208. Calculate r(-47).
-231
Let s(d) = -3*d**3 - 22*d**2 + 27*d - 64. Give s(-11).
970
Let o(a) = -2642*a + 2584. What is o(1)?
-58
Let h(w) = w**3 + 24*w**2 + 274*w + 3852. What is h(-20)?
-28
Let o(a) = 1364*a**2 - 8181*a + 16. What is o(6)?
34
Let o(d) = -17*d**2 + 90*d + 63941. Calculate o(64).
69
Let u(q) = 83360*q - 750268. Calculate u(9).
-28
Let s(o) = -115*o + 2952. Give s(22).
422
Let a(g) = 11*g**2 - 389*g - 170. What is a(35)?
-310
Let z(w) = -w**3 + w**2 - 18952*w + 75851. What is z(4)?
-5
Let r(c) = 991*c - 356764. What is r(360)?
-4
Let h(v) = 49855*v - 299273. What is h(6)?
-143
Let v(j) = 22*j**2 - 393*j + 66. Calculate v(17).
-257
Let z(h) = 11*h**2 - 130*h - 21. What is z(6)?
-405
Let q(z) = 1287*z - 660. Give q(1).
627
Let y(m) = 322*m + 11137. Determine y(-34).
189
Let f(k) = 3*k**3 - 52*k**2 - 1180*k + 19901. Calculate f(16).
-3
Let m(u) = -2*u**3 - 2*u**2 - 46*u - 172. Determine m(0).
-172
Let u(o) = 2*o**2 + 165*o - 7748. Give u(-116).
24
Let g(t) = -2*t**3 + 72*t**2 + 242*t + 324. Calculate g(38).
3744
Let n(z) = -208*z - 167641. Give n(-806).
7
Let q(j) = -1015*j - 17764. Calculate q(-17).
-509
Let w(h) = -116*h**2 + 6266*h - 312. Give w(54).
-204
Let u(p) = -121490*p - 486405. Calculate u(-4).
-445
Let q(n) = n**3 + 24*n**2 - 761*n - 188. Determine q(-42).
22
Let u(b) = -103*b - 11177. Give u(-108).
-53
Let h(j) = -j**2 + 1805*j - 808803. What is h(978)?
3
Let q(l) = l**3 - 7*l**2 - 122*l - 2. What is q(-8)?
14
Let i(g) = 12*g**2 - 323*g - 46. Give i(27).
-19
Let l(h) = -41373*h + 413779. Calculate l(10).
49
Let s(x) = -26*x**2 + 4256*x + 17047. Calculate s(-4).
-393
Let c(q) = -q**3 - 41*q**2 + 1353*q + 9383. Calculate c(-6).
5
Let v(i) = -193*i**2 + 369*i - 38. What is v(3)?
-668
Let j(f) = -4669*f - 737768. Determine j(-158).
-66
Let o(m) = -m**3 + 39*m**2 - 327*m - 421. Determine o(27).
-502
Let a(n) = 5*n**2 + 182*n + 1472. Determine a(-12).
8
Let f(r) = -144*r**2 + 2699*r + 66. Calculate f(18).
1992
Let u(k) = k**3 - 30*k**2 + 71*k + 877. Calculate u(26).
19
Let t(n) = 8*n**2 - 32598*n - 655159. Calculate t(-20).
1
Let h(q) = -2*q**3 + 122*q**2 + 5221*q + 30. Calculate h(-29).
1
Let f(q) = 3498*q - 503366. Calculate f(144).
346
Let x(t) = -1537*t**2 - 293568*t - 175. Calculate x(-191).
16
Let g(s) = 110*s + 1250. Determine g(-22).
-1170
Let c(u) = -7944*u + 95366. Calculate c(12).
38
Let j(v) = 380*v**2 - 20900*v + 5. What is j(55)?
5
Let b(q) = -5*q**3 + 326*q**2 - 1343*q + 205. What is b(4)?
-271
Let r(u) = 37*u**2 + 268*u + 2337. Calculate r(-9).
2922
Let d(v) = 5*v**2 - 1070*v + 13131. What is d(13)?
66
Let d(k) = -123*k**2 - 141*k - 9. Calculate d(-1).
9
Let i(s) = -25*s**2 - 418*s - 2138. What is i(-6)?
-530
Let s(a) = a**3 + 39*a**2 + 333*a + 77. Determine s(-22).
979
Let f(i) = -287437*i - 11497479. Determine f(-40).
1
Let g(i) = i**3 - 94*i**2 + 357*i + 447. Give g(90).
177
Let u(q) = 988*q**2 + 4784*q - 760. Give u(-5).
20
Let g(y) = -3*y**2 - 321*y - 3494. Give g(-89).
1312
Let v(c) = c**3 - 3*c**2 - 10129*c - 30336. Calculate v(-3).
-3
Let n(z) = -210017*z - 1050086. Give n(-5).
-1
Let z(s) = 4*s**3 + 116*s**2 + 357*s - 252. Calculate z(-25).
823
Let i(c) = 149499*c - 1196445. Give i(8).
-453
Let d(h) = h**3 + 22*h**2 - 49*h + 400. Calculate d(-26).
-1030
Let z(b) = -b**3 - 137*b**2 + 7845*b + 58529. What i